49518126?
7
What is the units digit of 190104951?
1
What is the tens digit of 812290919?
1
What is the units digit of 163994274?
4
What is the thousands digit of 89156343?
6
What is the tens digit of 406960992?
9
What is the hundred millions digit of 1014845150?
0
What is the ten thousands digit of 13112360?
1
What is the billions digit of 3002354175?
3
What is the hundred thousands digit of 135258890?
2
What is the hundred thousands digit of 214631422?
6
What is the hundreds digit of 468284091?
0
What is the ten thousands digit of 746286928?
8
What is the ten millions digit of 67779598?
6
What is the millions digit of 76354603?
6
What is the units digit of 73095384?
4
What is the billions digit of 1788908374?
1
What is the ten millions digit of 72232728?
7
What is the tens digit of 192325893?
9
What is the millions digit of 1868110888?
8
What is the ten millions digit of 107390371?
0
What is the thousands digit of 1398504999?
4
What is the ten thousands digit of 841262419?
6
What is the hundreds digit of 34583552?
5
What is the tens digit of 133631783?
8
What is the hundred millions digit of 1178696201?
1
What is the tens digit of 319666295?
9
What is the thousands digit of 85162529?
2
What is the hundreds digit of 378848552?
5
What is the ten millions digit of 5036843216?
3
What is the hundreds digit of 28347816?
8
What is the tens digit of 1270701280?
8
What is the ten millions digit of 156867821?
5
What is the hundred thousands digit of 72511891?
5
What is the tens digit of 304387276?
7
What is the millions digit of 99490757?
9
What is the ten millions digit of 82999002?
8
What is the thousands digit of 75164570?
4
What is the ten millions digit of 70321745?
7
What is the tens digit of 77521560?
6
What is the ten thousands digit of 2706518193?
1
What is the ten millions digit of 303606730?
0
What is the thousands digit of 66020?
6
What is the tens digit of 14308808?
0
What is the thousands digit of 6950951659?
1
What is the tens digit of 16203223?
2
What is the millions digit of 46536470?
6
What is the hundred thousands digit of 7112434436?
4
What is the hundred thousands digit of 60629495?
6
What is the millions digit of 894283425?
4
What is the thousands digit of 16585142?
5
What is the tens digit of 4893854693?
9
What is the units digit of 330560765?
5
What is the tens digit of 545553848?
4
What is the thousands digit of 44949193?
9
What is the tens digit of 2789905732?
3
What is the hundreds digit of 66025009?
0
What is the ten thousands digit of 8465466?
6
What is the hundreds digit of 174976?
9
What is the hundreds digit of 103410635?
6
What is the ten thousands digit of 4675669180?
6
What is the units digit of 1719455241?
1
What is the hundreds digit of 10772027?
0
What is the ten millions digit of 175450302?
7
What is the ten millions digit of 105796378?
0
What is the ten millions digit of 864206356?
6
What is the tens digit of 85697059?
5
What is the ten thousands digit of 1047216483?
1
What is the ten millions digit of 499861427?
9
What is the hundreds digit of 13151518?
5
What is the units digit of 929114543?
3
What is the hundred thousands digit of 41202934?
2
What is the billions digit of 4795544467?
4
What is the thousands digit of 851397096?
7
What is the millions digit of 43835090?
3
What is the ten thousands digit of 1886858305?
5
What is the ten millions digit of 91216568?
9
What is the ten millions digit of 1705463250?
0
What is the tens digit of 10198695?
9
What is the millions digit of 1144408426?
4
What is the hundreds digit of 50615417?
4
What is the tens digit of 73888000?
0
What is the thousands digit of 28146976?
6
What is the tens digit of 44725778?
7
What is the units digit of 948254991?
1
What is the hundred millions digit of 1138361471?
1
What is the thousands digit of 97924334?
4
What is the millions digit of 30613448?
0
What is the millions digit of 1935521917?
5
What is the units digit of 154176820?
0
What is the thousands digit of 43023081?
3
What is the ten thousands digit of 1512362611?
6
What is the units digit of 163205531?
1
What is the units digit of 491349817?
7
What is the ten millions digit of 2475339981?
7
What is the thousands digit of 91550022?
0
What is the ten millions digit of 140602727?
4
What is the ten millions digit of 348907973?
4
What is the tens digit of 119046289?
8
What is the hundred thousands digit of 3325583972?
5
What is the ten millions digit of 111001392?
1
What is the hundred thousands digit of 2216614834?
6
What is the millions digit of 91098834?
1
What is the millions digit of 977845032?
7
What is the ten millions digit of 47632709?
4
What is the units digit of 472068207?
7
What is the thousands digit of 94702896?
2
What is the thousands digit of 1527155460?
5
What is the ten millions digit of 732268796?
3
What is the millions digit of 12317153?
2
What is the hundred thousands digit of 50848177?
8
What is the tens digit of 20860925?
2
What is the millions digit of 1089101145?
9
What is the millions digit of 9216003?
9
What is the hundreds digit of 16994621?
6
What is the hundred thousands digit of 68442647?
4
What is the hundred thousands digit of 1870936?
8
What is the units digit of 376893836?
6
What is the millions digit of 59190236?
9
What is the hundred millions digit of 1863751243?
8
What is the ten millions digit of 66311424?
6
What is the hundred millions digit of 2716100046?
7
What is the units digit of 103497092?
2
What is the tens digit of 284918919?
1
What is the billions digit of 1383616799?
1
What is the units digit of 6681706?
6
What is the tens digit of 1697717776?
7
What is the ten millions digit of 87046998?
8
What is the ten millions digit of 297218704?
9
What is the millions digit of 36945552?
6
What is the thousands digit of 15531184?
1
What is the units digit of 53525714?
4
What is the hundred millions digit of 722982619?
7
What is the ten millions digit of 854725956?
5
What is the thousands digit of 762873757?
3
What is the millions digit of 59176163?
9
What is the thousands digit of 790064451?
4
What is the tens digit of 20483354?
5
What is the hundred thousands digit of 38215967?
2
What is the ten millions digit of 43559043?
4
What is the hundred thousands digit of 78624109?
6
What is the hundreds digit of 23800706?
7
What is the millions digit of 865399464?
5
What is the tens digit of 6925140931?
3
What is the hundreds digit of 37456367?
3
What is the hundred thousands digit of 2620788745?
7
What is the tens digit of 1436786?
8
What is the thousands digit of 30289645?
9
What is the ten thousands digit of 50820489?
2
What is the thousands digit of 691312971?
2
What is the hundred thousands digit of 913146431?
1
What is the hundreds digit of 80917965?
9
What is the ten thousands digit of 118745821?
4
What is the hundred millions digit of 965493631?
9
What is the billions digit of 2193997159?
2
What is the units digit of 211201?
1
What is the hundreds digit of 46991608?
6
What is the ten thousands digit of 552710847?
1
What is the tens digit of 50580528?
2
What is the ten thousands digit of 4242491?
4
What is the thousands digit of 563751855?
1
What is the thousands digit of 412617?
2
What is the hundreds digit of 3476891126?
1
What is the hundreds digit of 966588891?
8
What is the hundreds digit of 300186766?
7
What is the millions digit of 55345012?
5
What is the hundreds digit of 45591477?
4
What is the thousands digit of 622766937?
6
What is the hundred millions digit of 2717669832?
7
What is the thousands digit of 88923443?
3
What is the millions digit of 268674044?
8
What is the millions digit of 28673394?
8
What is the thousands digit of 1699403088?
3
What is the millions digit of 97889611?
7
What is the thousands digit of 320242188?
2
What is the units digit of 144055527?
7
What is the thousands digit of 39126538?
6
What is the ten millions digit of 10444107?
1
What is the millions digit of 190808052?
0
What is the millions digit of 170226491?
0
What is the hundreds digit of 67488603?
6
What is the hundred thousands digit of 551270379?
2
What is the millions digit of 523194228?
3
What is the ten thousands digit of 60392529?
9
What is the hundred thousands digit of 467778211?
7
What is the tens digit of 32018470?
7
What is the units digit 